w) = -5*w. Let b be c(h). Let g = 15 + b. List the prime factors of g.
2, 5
Suppose t - 6*t = -10. Let u be 24/(-9) - t/6. List the prime factors of (3/(-9))/(u/117).
13
Suppose 7*v = 12*v - 165. List the prime factors of v.
3, 11
Suppose 3*n = 2*v - 2*n - 33, -4*v + 30 = 2*n. Suppose v - 3 = 3*p. Suppose 4*y + p*w - 27 = -5, -5*y + 4*w = -47. List the prime factors of y.
7
Suppose -7*i + 3*i - 27 = 3*t, i = t - 5. Let p = 1 - i. List the prime factors of p.
7
Suppose 3*w - 92 = -w - 4*t, -3*t - 39 = -w. Let u be 102/w - 4/(-18). Suppose u*y - 8 = -0. List the prime factors of y.
2
Let j(i) be the second derivative of 4*i**2 - 2*i - 1/6*i**3 + 0. What are the prime factors of j(6)?
2
Let j(l) = -7*l + 6. Let r be j(-5). Let p be r - 4 - -3*1. Suppose t - 6*t = -p. What are the prime factors of t?
2
Let f = -3 + 7. Suppose a = -4*z + 10, -4*z - f*a = -z - 14. Suppose -15 = -3*l - 0, -3*l = z*k - 21. What are the prime factors of k?
3
Suppose 0 = -7*y - y + 1504. List the prime factors of y.
2, 47
Suppose 4*z + 5*r = 150, -3*r + 213 = 5*z + 32. List the prime factors of z.
5, 7
Let w(p) = p**3 - 2*p**2 - 2*p + 1. Let n = 3 - 0. Let s be w(n). Suppose 0 = s*g + g - 15. What are the prime factors of g?
3
Suppose 6*v = 7*v - 7. Suppose 5*r = v*r - 28. List the prime factors of r.
2, 7
Suppose -3*f + 25 = 2*f. Suppose -2*j - 3 = -j, 4*u = -5*j - 15. Let g = u + f. List the prime factors of g.
5
Let n be (-6)/21 - 120/(-28). Suppose -6*c + n*c + 94 = 0. What are the prime factors of c?
47
Let u = -49 + 107. Let w = -39 + u. List the prime factors of w.
19
Suppose -11 + 2 = -p. Suppose 0 = 5*d - w - p - 7, -2*d = 4*w - 24. List the prime factors of d.
2
Suppose -455 = -4*y + w, -5*y - 5*w + 550 = -0*y. List the prime factors of y.
113
Suppose -2*m + 3*d = -128, 5*m = -5*d + 256 + 89. What are the prime factors of m?
67
Suppose -n = -4*n - 6, 2*m + 5*n = 110. Suppose -11*d + 22 = -11. Suppose 2*h - 24 = -d*j + 26, -4*h + m = 4*j. List the prime factors of j.
2, 5
Let m(i) = -i**3 - 4*i**2 - i - 5. Let l be m(-5). Suppose 5*d - l = 0, -o = 4*o + d - 65. What are the prime factors of o?
2, 3
Let b(q) = 2*q**3 - 3*q**2 + q - 2. Let m be b(2). Let o(y) = 7*y - 10. List the prime factors of o(m).
2, 3
Let i(n) = -4*n + 178. List the prime factors of i(0).
2, 89
Let u(a) = -4*a + 3. Let y be 1 - 0 - (0 - 4). Let k be u(y). Let x = 35 + k. List the prime factors of x.
2, 3
Let i(g) = -g**3 + 12*g**2 - 11*g. Let j be i(11). Suppose j*x + q = -4*x + 41, 2*q = -6. List the prime factors of x.
11
Let k(t) = -t**3 + t**2 + 3*t + 1. What are the prime factors of k(-3)?
2, 7
Suppose 30*x - 21*x = 1485. List the prime factors of x.
3, 5, 11
Let n = -11 - -5. Let u = n + 8. Suppose -3*g + 20 = -u*g. What are the prime factors of g?
2, 5
Suppose -5*i + l - 72 = 8, 3*i + l + 48 = 0. Let b = i - -10. List the prime factors of b/(-1) + (1 - 1).
2, 3
What are the prime factors of 1*45 - 12/4?
2, 3, 7
Let f = 92 - 85. List the prime factors of f.
7
Suppose 4*v + 4*m - 136 = -0*m, 4*m = 0. Suppose -6 = -4*g + v. List the prime factors of g.
2, 5
Suppose 676 = 4*w + 76. What are the prime factors of w?
2, 3, 5
Let n = 0 + 1. Let a = n - 5. List the prime factors of 1 + a + (7 - -3).
7
Let q(m) = 31*m - 2. Let n be q(4). Let s be n + 5 - (-2)/(-1). Suppose -35 = 5*g - s. What are the prime factors of g?
2, 3
Let d(o) = 2*o**2 + o - 1. Let t be d(1). Suppose 0 = -3*q - t - 1. Let n = 12 + q. List the prime factors of n.
11
Let q = 765 + -424. List the prime factors of q.
11, 31
Let g(v) = -v**3 + 3*v**2 + 2*v + 2. Let x be g(-2). Let z = -24 - -29. Suppose k = -0*d + 2*d - 9, -k = -z*d + x. What are the prime factors of d?
3
Suppose q + j - 5*j + 13 = 0, q + 3*j = 15. Suppose -3*n - 4*r = 4, -q*n - n = 4*r. List the prime factors of n.
2
Let a(v) = v**3 + 6*v**2 - 9*v - 9. Let m be a(-7). Suppose -3*j + 4 = 4*t + 1, -m*t = 2*j + 5. Let u = j - 3. List the prime factors of u.
2
Let p = -28 + 93. What are the prime factors of p?
5, 13
Suppose -6 = s - 3*s. Suppose 3*i + 2*a = 34 + 31, -3*a = -4*i + 64. List the prime factors of i/s - (-3)/(-9).
2, 3
List the prime factors of 6/(-8)*-1 - 2162/(-8).
271
What are the prime factors of 35*(4 - 2) + 5?
3, 5
List the prime factors of 16/(-8) + 14 + -1.
11
Let j be (-3)/(-5) + (-27)/(-5). Let w = j - -3. List the prime factors of w.
3
Suppose 4*k = -0 + 12, 0 = 4*n - 3*k - 11. Suppose -j + 11 = -0*o - 4*o, 3*j = n*o + 26. List the prime factors of j.
7
Let r(u) = -u**2 - 8*u + 8. Let b = -3 - -35. Suppose 2*s - b = 6*s. List the prime factors of r(s).
2
Let v be (-4)/(-14) + 406/(-49). Let a be v/6*63/(-6). Let x = a + -7. What are the prime factors of x?
7
Suppose -10*l - 396 = -28*l. List the prime factors of l.
2, 11
Let z be (-4)/(-6) - 215/(-15). Suppose 10 + z = 5*x. Suppose -9*n + 16 = -x*n. List the prime factors of n.
2
Let s(k) = k**3 + 10*k**2 - 3. Let r be s(-10). Let j = r - -1. List the prime factors of (j - -4)/((-2)/(-8)).
2
Let c(w) = w**2 + 10*w + 12. What are the prime factors of c(-13)?
3, 17
Let w = 69 - -27. What are the prime factors of w?
2, 3
Suppose 5 = -5*q - 0*q. List the prime factors of (-18)/30*(q - 4).
3
Let z = -20 - -48. List the prime factors of z.
2, 7
Suppose 0 = -j - 3*n - 7, -6*j + 4*n + 22 = -j. Let d be 78/(-2)*j/(-3). Suppose 2*i - 3*i + u = -5, 4*i - d = u. What are the prime factors of i?
7
Let t(x) = -x**2 + 4*x + 3. Let v be t(-2). Let c = -3 - v. What are the prime factors of c?
2, 3
Suppose -4*f - 2 = v, 0*f - f + 6 = -3*v. Suppose -4*k + 13 - 5 = f. Suppose 0 = -4*p + 20, k*p = -2*w + 26 + 6. What are the prime factors of w?
11
Let w be (4 + -1)/(12/(-8)). List the prime factors of (14/21)/(w/(-18)).
2, 3
Suppose 17 + 25 = -3*v. Let p = 5 + v. What are the prime factors of (-2)/p + 187/9?
3, 7
Let g be 0*((-10)/4 + 2). Let f = g + 3. Suppose 3*y = -5*d + 55, -y + 33 = 3*d + f*y. List the prime factors of d.
11
Let r(o) = o**2 - 3*o + 2. Let m(h) = -3*h**2 + 10*h - 7. Let d(k) = -3*m(k) - 8*r(k). Let q be d(7). List the prime factors of q - 1*(0 + -1).
13
Let a = 20 - 5. Let c = a + -3. Let f = c - 6. List the prime factors of f.
2, 3
Suppose 0 = -3*n - n - 96. Let b = 41 + n. What are the prime factors of b?
17
Let j be (-3 + 1 + -2)/(-2). What are the prime factors of j/4*12/3?
2
Suppose 4*w - 152 = -4*a, -w - 217 = -6*w + 4*a. What are the prime factors of w?
41
Suppose -2*f = 3*f. Let j(a) = 2 + f - a + 2*a. List the prime factors of j(12).
2, 7
Let k(h) = 4*h**3 - 2*h**2 - 2*h + 2. Let p be k(2). Let b = p - 6. List the prime factors of b.
2
Let d(t) be the second derivative of -t**4/12 - 3*t**3/2 + 5*t**2/2 + 2*t. Let q be d(-7). Let w = -13 + q. What are the prime factors of w?
2, 3
Suppose -2*a - 5*r - 14 = -0*r, -20 = 5*r. What are the prime factors of a/6*2 - -5?
2, 3
Let d = 41 + -18. List the prime factors of d.
23
Let c(h) = h + 15. What are the prime factors of c(8)?
23
Let t(o) = o**2 - 11*o. Let k be t(11). Suppose -a + 2 = -k. What are the prime factors of a?
2
Suppose 0 = -d - 17 + 78. Suppose -4*y + 51 = -d. What are the prime factors of y?
2, 7
Suppose 0 = 2*q + o - 5, 2*q - 8 = 4*o - 2*o. Let x = -3 - q. List the prime factors of (-2)/x - 58/(-6).
2, 5
Let l(s) = -s**2 + s + 1. Let g be l(-1). Suppose 2 = -3*u - 1, 2*x + 1 = -u. List the prime factors of 4 - (1 + (g - x)).
2
Suppose -2*j = 5*v + 34, -2*v - 4 = 5*j + 18. Let b be 28/3 - 4/v. List the prime factors of (-24)/15*b/(-4).
2
Suppose -x + 2*w + 14 = -23, 2*x - 3*w = 75. What are the prime factors of x?
3, 13
What are the prime factors of 3 - (0 - 79 - -2)?
2, 5
Suppose 0 = -4*k - 4*k + 464. What are the prime factors of k?
2, 29
Let w(j) = -j**3 - 2*j**2 + 3*j - 3. List the prime factors of w(-5).
3, 19
Let j(c) = 0 - c**2 - 7 - 9*c + 0*c**2. List the prime factors of j(-7).
7
Let f(s) = -s**3 - 3*s**2 - 4*s - 2. Let o(a) = a**3 - 7*a**2 + 5*a + 3. Let n be o(6). Let c be f(n). Let v = c + -3. What are the prime factors of v?
7
Suppose -3*w + 136 = w. What are the prime factors of w?
2, 17
What are the prime factors of (-5)/((-15)/6) + 0 + 49?
3, 17
Let y be ((0 + 0)/(-2))/2. Suppose -b - 3*b + 20 = y. What are the prime factors of b?
5
Let u(h) = 1 + 3*h**2 - 4*h**2 - 4*h - 3*h - 2*h. What are the prime f